{"id":1758,"date":"2016-06-27T17:13:33","date_gmt":"2016-06-27T15:13:33","guid":{"rendered":"http:\/\/hannah-biedermann.de\/?page_id=1758"},"modified":"2016-06-27T17:13:47","modified_gmt":"2016-06-27T15:13:47","slug":"muellmythologie","status":"publish","type":"page","link":"https:\/\/hannah-biedermann.de\/?page_id=1758","title":{"rendered":"M\u00fcllmythologie"},"content":{"rendered":"<p>Die Theatermacherin Hannah Biedermann hat eine Reise gemacht.<br \/>\nMit Schauspielern hat sie sich f\u00fcr eine Produktion am Grips-Theater tief in die Welt des M\u00fclls begeben: in die eigene M\u00fclltonne, zur Sortieranlage, in die Dreckecken des Kiezes. Aus ihren Erlebnissen hat sie ein Kindertheaterst\u00fcck geschrieben. Wie erz\u00e4hlt man den M\u00fcll, ohne M\u00fcll zu erz\u00e4hlen?<\/p>\n<p>Zum Beispiel die Szene mit dem Grill. Da stehen vier Menschen gleich zu Beginn des St\u00fccks in einem Garten, der sich als Plastikwelt aus dem Baumarkt entpuppt: Das Gras ein Rasenteppich aus Polypropylen f\u00fcr 5,99 Euro pro Quadratmeter. Das kleine H\u00e4uschen ein Stahlrohrgestell mit Folie aus Polyethylen f\u00fcr 29,95 Euro. Das anderthalb Meter hohe B\u00e4umchen ein Ficus Benjamini aus Ethylenvinylacetat f\u00fcr 39,99 Euro. Dazu Deko-Enten aus Hartgummi, eine Vogelfigur, die bei Knopfdruck zwitschert &#8221; und alle Schauspieler\u00c3\u201a\u00c2\u00a0komplett im Polyester-Outfit.<\/p>\n<p>Es ist ein Bild, das sich so oder so \u00e4hnlich zusammensetzen lie\u00dfe aus Fotos, die jemand an einem Sonntag im August von der Idylle auf Berliner Balkonen oder von Datschen in Brandenburg gemacht hat. Eine Szene, die sich die Theatermacherin Hannah Biedermann so ausgedacht hat f\u00fcr ihr neues St\u00fcck am Berliner Grips-Theater. \u201cM\u00fcll. Ein Making-of\u201c hei\u00dft dieses St\u00fcck.<\/p>\n<p>Wer denkt, dass sich Hannah Biedermann da einen gut gemeinten Text f\u00fcr Kinder aus dem Kopf getippt hat, und glaubt, dass die Schauspieler ihre Passagen auf der B\u00fchne nur noch h\u00fcbsch aufsagen m\u00fcssen, der wird erstaunt sein, welche Selbstversuche die Regisseurin zusammen mit ihren Schauspielern Jens Mondalski, Kilian Ponert, Vanessa Stern und dem Musiker Johannes Birlinger gemacht hat: um zu schauen, wie viel Abfall anf\u00e4llt. Sie waren einen halben Tag mit M\u00fcllm\u00e4nnern der BSR unterwegs, um Tonnen zu kippen. Fuhren raus nach Mahlsdorf zur Sortieranlage von Alba, wo die recycelbaren Reste der Hauptstadt auseinander\u00c3\u201a\u00c2\u00adkla\u00c3\u201a\u00c2\u00adm\u00fcsert werden, oder nach Ruhleben in das M\u00fcllheizkraftwerk der BSR, wo aus Abfall Energie gemacht wird. Zogen als Flaschensammler durch die Kieze. Versuchten Hausm\u00fcll auf einem Flohmarkt zu verkaufen.<\/p>\n<p>Von ihren Abenteuerreisen haben sie Geschichten f\u00fcr das St\u00fcck mitgebracht, in dem sie uns von Menschen erz\u00e4hlen.<br \/>\nZusammenh\u00e4nge aufdecken. Landschaften beschreiben. Manchmal nur beil\u00e4ufig, aber manchmal auch laut Fragen stellen wie in der Szene am Grill, gleich zu Beginn des St\u00fccks: Was das \u00fcberhaupt ist, M\u00fcll. Wann eine Sache aufh\u00f6rt, etwas Wertvolles zu sein. Was damit passiert. Und ob es ein richtiges Leben im falschen gibt. Es sind die Antworten auf Fragen wie diese, von denen uns nicht alle gefallen werden.<br \/>\nText Max Gehry | FOTOS Stephan Pramme<\/p>\n<p><a href=\"http:\/\/trenntmagazin.de\/muellmythologin\/\"><strong>Trenntmagazin Berlin, Herbst Ausgabe 2015<\/strong><\/a><\/p>\n","protected":false},"excerpt":{"rendered":"<p>Die Theatermacherin Hannah Biedermann hat eine Reise gemacht. Mit Schauspielern hat sie sich f\u00fcr eine Produktion am Grips-Theater tief in die Welt des M\u00fclls begeben: in die eigene M\u00fclltonne, zur Sortieranlage, in die Dreckecken des Kiezes. Aus ihren Erlebnissen hat sie ein Kindertheaterst\u00fcck geschrieben. Wie erz\u00e4hlt man den M\u00fcll, ohne M\u00fcll zu erz\u00e4hlen? Zum Beispiel &hellip; <a href=\"https:\/\/hannah-biedermann.de\/?page_id=1758\" class=\"more-link\">Continue reading <span class=\"screen-reader-text\">M\u00fcllmythologie<\/span><\/a><\/p>\n","protected":false},"author":3,"featured_media":0,"parent":1552,"menu_order":0,"comment_status":"closed","ping_status":"closed","template":"","meta":{"footnotes":""},"class_list":["post-1758","page","type-page","status-publish","hentry"],"_links":{"self":[{"href":"https:\/\/hannah-biedermann.de\/index.php?rest_route=\/wp\/v2\/pages\/1758","targetHints":{"allow":["GET"]}}],"collection":[{"href":"https:\/\/hannah-biedermann.de\/index.php?rest_route=\/wp\/v2\/pages"}],"about":[{"href":"https:\/\/hannah-biedermann.de\/index.php?rest_route=\/wp\/v2\/types\/page"}],"author":[{"embeddable":true,"href":"https:\/\/hannah-biedermann.de\/index.php?rest_route=\/wp\/v2\/users\/3"}],"replies":[{"embeddable":true,"href":"https:\/\/hannah-biedermann.de\/index.php?rest_route=%2Fwp%2Fv2%2Fcomments&post=1758"}],"version-history":[{"count":2,"href":"https:\/\/hannah-biedermann.de\/index.php?rest_route=\/wp\/v2\/pages\/1758\/revisions"}],"predecessor-version":[{"id":1760,"href":"https:\/\/hannah-biedermann.de\/index.php?rest_route=\/wp\/v2\/pages\/1758\/revisions\/1760"}],"up":[{"embeddable":true,"href":"https:\/\/hannah-biedermann.de\/index.php?rest_route=\/wp\/v2\/pages\/1552"}],"wp:attachment":[{"href":"https:\/\/hannah-biedermann.de\/index.php?rest_route=%2Fwp%2Fv2%2Fmedia&parent=1758"}],"curies":[{"name":"wp","href":"https:\/\/api.w.org\/{rel}","templated":true}]}}