{"id":2,"date":"2009-06-16T10:29:16","date_gmt":"2009-06-16T08:29:16","guid":{"rendered":"http:\/\/hannah-biedermann.de\/?page_id=2"},"modified":"2024-01-22T15:32:42","modified_gmt":"2024-01-22T13:32:42","slug":"ueber-mich","status":"publish","type":"page","link":"https:\/\/hannah-biedermann.de\/?page_id=2","title":{"rendered":"Vita"},"content":{"rendered":"<p style=\"text-align: left\"><span style=\"color: #999999\">\u201cMit ihrer Gruppe mischt sie die Szene des Theaters f\u00fcr junges Publikum auf, mit ihren Inszenierungen setzt sie neue Akzente, mit ihren performativen Formaten ist sie permanent auf der Suche, beim Forschen und Ausprobieren, immer mit dem k\u00fcnstlerischen Vorsatz Verwirrung zu schaffen und mit dem Hang zu Ambivalenzen\u201c<\/span><br \/>\n<span style=\"color: #999999\"> <em>Aus der Laudatio zur Verleihung des George Tabori F\u00f6rderpreises 2016 f\u00fcr pulk fiktion<\/em><\/span><\/p>\n<p><img loading=\"lazy\" decoding=\"async\" class=\"wp-image-1491 alignleft\" src=\"http:\/\/hannah-biedermann.de\/wp-content\/uploads\/hannahbiedermann_005-723x1024.jpg\" alt=\"hannahbiedermann_005\" width=\"344\" height=\"483\" \/><strong>Lebenslauf\/Ausbildung:<\/strong><\/p>\n<p style=\"text-align: left\"><strong>1982<br \/>\n<\/strong>in Bonn geboren<br \/>\n<strong>2002<br \/>\n<\/strong>Abitur an der IGS Bonn-Beuel<br \/>\n<strong>2003- 2005<br \/>\n<\/strong>Schauspielschule &#8220;schule des theaters&#8221;, Theater der Keller in K\u00f6ln<br \/>\n<strong>2005<\/strong><br \/>\nDiplomstudium der &#8220;Szenischen K\u00fcnste&#8221; an der Universit\u00e4t Hildesheim<br \/>\n<strong>2010<br \/>\n<\/strong>Diplom &#8220;Szenische K\u00fcnste&#8221;<strong><br \/>\n2010 &#8211; 2013<\/strong><br \/>\nfreischaffende Regisseurin, Performerin und Theaterp\u00e4dagogin<strong><br \/>\n2013 &#8211; 2015<\/strong><br \/>\nRegisseurin und Dramaturgin am COMEDIA Theater K\u00f6ln<br \/>\n<strong>ab<\/strong> <strong>2015<\/strong><br \/>\nfreischaffende Regisseurin und Performerin<br \/>\n<strong>2016<br \/>\n<\/strong>ausgezeichnet mit dem F\u00f6rderpreis f\u00fcr junge K\u00fcnsterinnen und K\u00fcnstler des Landes NRW im Bereich Theater<br \/>\n<strong>2017<br \/>\n<\/strong>Stipendiatin des internationalen Regieseminars der ASSITEJ in Oldenburg<br \/>\nausgezeichnet mit dem Deutschen Theaterpreis DER FAUST in der Kategorie &#8220;Beste Regie Kinder- und Jugendtheater&#8221;<br \/>\nGeburt ihres ersten Sohnes<br \/>\n<strong>2020<\/strong><br \/>\nGeburt ihres zweiten Sohnes<\/p>\n<p><a href=\"http:\/\/hannah-biedermann.de\/wp-content\/uploads\/Portfolio_Hannah-Biedermann_2016-12klein.pdf\">Portfolio_Hannah Biedermann_2016\/12<\/a><\/p>\n<p style=\"text-align: justify\"><a href=\"http:\/\/hannah-biedermann.de\/wp-content\/uploads\/Kurzbio_Biedermann_20.pdf\">Kurzbio_Biedermann_2020<\/a><\/p>\n<p>&#8212;&#8212;&#8212;&#8212;&#8212;&#8212;&#8212;&#8212;&#8212;&#8212;&#8212;&#8212;&#8212;&#8212;&#8212;&#8212;&#8212;&#8212;&#8212;&#8212;&#8212;&#8212;&#8212;&#8212;&#8212;&#8212;&#8212;&#8212;&#8212;&#8212;&#8212;&#8212;&#8212;&#8212;<\/p>\n<p><strong>K\u00fcnstlerische Selbstbeschreibung<\/strong><\/p>\n<div class=\"page\" title=\"Page 4\">\n<div class=\"layoutArea\">\n<div class=\"column\">\n<p style=\"text-align: justify\">Ich bin ein Kind des Kinder- und Jugendtheaters (<em>Theater Marabu<\/em> aus Bonn). Dieses Kind bin ich durch Zufall geworden, aber ich bin aus \u00dcberzeugung dort geblieben. Zwar habe ich w\u00e4hrend meiner Ausbildung an der Schauspielschule des <em>Theater der Keller<\/em> und meines Studiums der <em>Szenischen K\u00fcnste<\/em> an der Universit\u00e4t Hildesheim immer wieder begeisterte Ausfl\u00fcge in andere Bereiche der darstellenden Kunst unternommen und suche auch heute immer wieder Herausforderungen jenseits des Theaters f\u00fcr junges Publikum, und doch sehe ich die gr\u00f6\u00dften Herausforderungen und M\u00f6glichkeiten genau dort.<\/p>\n<p style=\"text-align: justify\">2007 gr\u00fcndete ich mit <em>pulk fiktion<\/em> (Bonn\/K\u00f6ln) meine eigene freie Kinder- und Jugendtheatergruppe, mit der ich bis heute sechs Produktionen verwirklicht habe, die zu diversen nationalen und internationalen Festivals eingeladen wurden. Die Arbeit in meiner eigenen Gruppe erm\u00f6glicht mir das freie Erforschen genre\u00fcbergreifender und interdisziplin\u00e4rer Formen jenseits klassischer Narrative f\u00fcr junges Publikum. Wir suchen das Wagnis und das Experiment um das Kinder- und Jugendtheater nachhaltig um performative und interaktive Formate zu erweitern.<\/p>\n<p style=\"text-align: justify\">Auch meine Gastregien (unter anderem am Theater Marabu Bonn, am COMEDIA Theater K\u00f6ln, am JungenEnsemble Stuttgart, am Theater Strahl Berlin, am Jungen Staatstheater Karlsruhe, Stadttheater Ingolstadt und am GRIPS Theater Berlin) sind meist St\u00fcckentwicklungen basierend auf der Recherche mit dem Ensemble. Dabei w\u00e4hle ich stets gesellschaftliche und politische Themen, die von der Komplexit\u00e4t und \u201cKonstruiertheit\u00c3\u00a2\u20ac\u00c2\u009d der Welt erz\u00e4hlen. Nie richtet sich das Thema ausschlie\u00dflich nach den vermeintlichen Interessen des jungen Publikums, sondern wird immer auch aus der Erwachsenensicht der Macher*innen untersucht und erz\u00e4hlt.<\/p>\n<p style=\"text-align: justify\">Ich setze mich f\u00fcr das Recht von Kindern auf ihre ganz eigene Kunst ein, aber bem\u00fche mich um eine zeitgen\u00f6ssische Form und die Verhandlung von komplexen gesellschaftlichen Themen.<br \/>\nDas Kinder- und Jugendtheater kann und darf alles, aber zwingt mich, den Dialog des Theaters ernst zu nehmen und mein Publikum nie aus den Augen zu verlieren.<\/p>\n<p style=\"text-align: justify\">Ich glaube an die aufkl\u00e4rerische und sich selbst vermittelnde Kraft des Theaters und sehe dennoch theaterp\u00e4dagogische, kulturpolitische und organisatorische Arbeit als genauso politisch und k\u00fcnstlerisch an. Daher arbeite ich ehrenamtlich in der k\u00fcnstlerischen Leitung der SPURENSUCHE, moderiere Gespr\u00e4chsrunden auf Festivals und leite regelm\u00e4\u00dfig Workshops f\u00fcr Kinder und Jugendliche.<\/p>\n<\/div>\n<\/div>\n<\/div>\n<hr \/>\n<p style=\"text-align: justify\"><strong>Presse \u00fcber mich\/mit mir:<\/strong><\/p>\n<p><a href=\"http:\/\/hannah-biedermann.de\/?page_id=1911\">Ein Portr\u00e4t<\/a><br \/>\nDIE DEUTSCHE B\u00dcHNE 02\/17<strong><br \/>\n<\/strong><br \/>\n&#8220;An der Speerspitze dieser Bewegung ist Hannah Biedermann, die zwar auch ganz klassisch als Regisseurin arbeitet, aber mit &#8220;pulk fiktion&#8221; aufregende und originelle performative Arbeiten entwickelt, in denen Zuschauerinnen und Zuschauer zu Mit- und Zuspielern werden(&#8230;) Ihr Theater ist grundehrlich. Das ist Theater der direkten Kommunikation, der Begegnung. Irgendwie scheint dieser Titel Programm zu sein f\u00fcr die Arbeit Hannah Biedermanns: &#8220;Konferenz der wesentlichen Dinge&#8221;<br \/>\n<a href=\"http:\/\/hannah-biedermann.de\/?page_id=1853\">Laudatio zur Verleihung des F\u00f6rderpreises f\u00fcr junge K\u00fcnstlerinnen und K\u00fcnstler NRW<\/a><\/p>\n<p>\u201cMit ihrer Gruppe mischt sie die Szene des Theaters f\u00fcr junges Publikum auf, mit ihren Inszenierungen setzt sie neue Akzente, mit ihren performativen Formaten ist sie permanent auf der Suche, beim Forschen und Ausprobieren, immer mit dem k\u00fcnstlerischen Vorsatz Verwirrung zu schaffen und mit dem Hang zu Ambivalenzen\u201c<br \/>\n<a href=\"http:\/\/hannah-biedermann.de\/?page_id=1712\"> Laudatio zur Verleihung des George Tabori F\u00f6rderpreises 2016 f\u00fcr pulk fiktion<\/a><\/p>\n<p>&#8220;&#8230;sicher eine der profiliertesten Kindertheatermacherinnen der Mitspielkunst..&#8221;<br \/>\nArtikel \u00fcber interaktive Formen im Kindertheater am Beispiel von M\u00fcll. Ein Making -of. und Konferenz der wesentlichen Dinge<br \/>\n<a href=\"http:\/\/hannah-biedermann.de\/?page_id=1764\">Die Deutsche B\u00fchne, 1\/16<\/a><\/p>\n<div id=\"postdivrich\" class=\"postarea wp-editor-expand\">Interview, <em>renk.magazin:<\/em><\/div>\n<p><a href=\"http:\/\/www.renk-magazin.de\/hannah-biedermann\/\" target=\"_blank\" rel=\"noopener noreferrer\">Zu Gast bei Hannah Biedermann &#8211; Die Welt als konstruierbar begreifen<\/a><\/p>\n<p>Interview, <em>Wildwechsel Blog<\/em>:<br \/>\n<a href=\"https:\/\/soundcloud.com\/wildwechselfestival\/hannah-biedermann-uber-kinder-und-jugendtheater-in-deutschland\" target=\"_blank\" rel=\"noopener noreferrer\">\u00dcber Kinder- und Jugendtheater<\/a>: <a href=\"https:\/\/soundcloud.com\/wildwechselfestival\/interview-hannah-biedermann-am-ende-ist-man-immer-nur-jemand-anderes-wildwechsel-festival\" target=\"_blank\" rel=\"noopener noreferrer\">\u00dcber &#8220;Am Ende ist man immer nur wer anderes&#8221;<\/a><\/p>\n<p>Interview\u00a0 <em>AKT &#8211; K\u00f6lner Theaterzeitung:<\/em>\u00a0<a href=\"http:\/\/www.theaterzeitung-koeln.de\/aktuelle-ausgabe\/interviewt\/die-comedia-stellt-sich-neu-auf\/\" target=\"_blank\" rel=\"noopener noreferrer\">Die COMEDIA stellt sich neu auf<\/a><\/p>\n","protected":false},"excerpt":{"rendered":"<p>\u201cMit ihrer Gruppe mischt sie die Szene des Theaters f\u00fcr junges Publikum auf, mit ihren Inszenierungen setzt sie neue Akzente, mit ihren performativen Formaten ist sie permanent auf der Suche, beim Forschen und Ausprobieren, immer mit dem k\u00fcnstlerischen Vorsatz Verwirrung zu schaffen und mit dem Hang zu Ambivalenzen\u201c Aus der Laudatio zur Verleihung des George &hellip; <a href=\"https:\/\/hannah-biedermann.de\/?page_id=2\" class=\"more-link\">Continue reading <span class=\"screen-reader-text\">Vita<\/span><\/a><\/p>\n","protected":false},"author":3,"featured_media":0,"parent":0,"menu_order":0,"comment_status":"closed","ping_status":"closed","template":"","meta":{"footnotes":""},"class_list":["post-2","page","type-page","status-publish","hentry"],"_links":{"self":[{"href":"https:\/\/hannah-biedermann.de\/index.php?rest_route=\/wp\/v2\/pages\/2","targetHints":{"allow":["GET"]}}],"collection":[{"href":"https:\/\/hannah-biedermann.de\/index.php?rest_route=\/wp\/v2\/pages"}],"about":[{"href":"https:\/\/hannah-biedermann.de\/index.php?rest_route=\/wp\/v2\/types\/page"}],"author":[{"embeddable":true,"href":"https:\/\/hannah-biedermann.de\/index.php?rest_route=\/wp\/v2\/users\/3"}],"replies":[{"embeddable":true,"href":"https:\/\/hannah-biedermann.de\/index.php?rest_route=%2Fwp%2Fv2%2Fcomments&post=2"}],"version-history":[{"count":62,"href":"https:\/\/hannah-biedermann.de\/index.php?rest_route=\/wp\/v2\/pages\/2\/revisions"}],"predecessor-version":[{"id":2978,"href":"https:\/\/hannah-biedermann.de\/index.php?rest_route=\/wp\/v2\/pages\/2\/revisions\/2978"}],"wp:attachment":[{"href":"https:\/\/hannah-biedermann.de\/index.php?rest_route=%2Fwp%2Fv2%2Fmedia&parent=2"}],"curies":[{"name":"wp","href":"https:\/\/api.w.org\/{rel}","templated":true}]}}