{"id":299,"date":"2012-05-16T15:53:58","date_gmt":"2012-05-16T13:53:58","guid":{"rendered":"http:\/\/hannah-biedermann.de\/?page_id=299"},"modified":"2026-02-09T09:57:12","modified_gmt":"2026-02-09T07:57:12","slug":"termine","status":"publish","type":"page","link":"https:\/\/hannah-biedermann.de\/?page_id=299","title":{"rendered":"Spielzeit"},"content":{"rendered":"<h3><strong>25\/26<\/strong><\/h3>\n<p><strong>Der Riss<br \/>\n<\/strong>St\u00fcckentwicklung pulk fiktion<br \/>\n<span style=\"font-size: revert\">Regie: Hannah Biedermann<br \/>\n<\/span>Premiere: 3. Oktober 2025<br \/>\npulk fiktion im FWT K\u00f6ln<\/p>\n<p><strong>Center of the Universe<\/strong><br \/>\nSt\u00fcckentwicklung<br \/>\nRegie: Hannah Biedermann<br \/>\nPremiere: 6. Februar 2026<br \/>\nTheaterGr\u00fcneSo\u00dfe Frankfurt<\/p>\n","protected":false},"excerpt":{"rendered":"<p>25\/26 Der Riss St\u00fcckentwicklung pulk fiktion Regie: Hannah Biedermann Premiere: 3. Oktober 2025 pulk fiktion im FWT K\u00f6ln Center of the Universe St\u00fcckentwicklung Regie: Hannah Biedermann Premiere: 6. Februar 2026 TheaterGr\u00fcneSo\u00dfe Frankfurt<\/p>\n","protected":false},"author":3,"featured_media":1883,"parent":0,"menu_order":0,"comment_status":"closed","ping_status":"closed","template":"","meta":{"footnotes":""},"class_list":["post-299","page","type-page","status-publish","has-post-thumbnail","hentry"],"_links":{"self":[{"href":"https:\/\/hannah-biedermann.de\/index.php?rest_route=\/wp\/v2\/pages\/299","targetHints":{"allow":["GET"]}}],"collection":[{"href":"https:\/\/hannah-biedermann.de\/index.php?rest_route=\/wp\/v2\/pages"}],"about":[{"href":"https:\/\/hannah-biedermann.de\/index.php?rest_route=\/wp\/v2\/types\/page"}],"author":[{"embeddable":true,"href":"https:\/\/hannah-biedermann.de\/index.php?rest_route=\/wp\/v2\/users\/3"}],"replies":[{"embeddable":true,"href":"https:\/\/hannah-biedermann.de\/index.php?rest_route=%2Fwp%2Fv2%2Fcomments&post=299"}],"version-history":[{"count":137,"href":"https:\/\/hannah-biedermann.de\/index.php?rest_route=\/wp\/v2\/pages\/299\/revisions"}],"predecessor-version":[{"id":3117,"href":"https:\/\/hannah-biedermann.de\/index.php?rest_route=\/wp\/v2\/pages\/299\/revisions\/3117"}],"wp:featuredmedia":[{"embeddable":true,"href":"https:\/\/hannah-biedermann.de\/index.php?rest_route=\/wp\/v2\/media\/1883"}],"wp:attachment":[{"href":"https:\/\/hannah-biedermann.de\/index.php?rest_route=%2Fwp%2Fv2%2Fmedia&parent=299"}],"curies":[{"name":"wp","href":"https:\/\/api.w.org\/{rel}","templated":true}]}}