{"id":82,"date":"2010-11-23T13:44:33","date_gmt":"2010-11-23T11:44:33","guid":{"rendered":"http:\/\/hannah-biedermann.de\/?page_id=82"},"modified":"2012-05-30T17:43:34","modified_gmt":"2012-05-30T15:43:34","slug":"dauergaeste-workshop-vom-text-zur-szene-im-zeitgenoessischen-theater","status":"publish","type":"page","link":"https:\/\/hannah-biedermann.de\/?page_id=82","title":{"rendered":"&#8220;Dauerg\u00e4ste&#8221; Workshop &#8211; &#8220;Vom Text zur Szene im zeitgen\u00f6ssischen Theater&#8221; (2010)"},"content":{"rendered":"<p>&nbsp;<\/p>\n<p><img loading=\"lazy\" decoding=\"async\" class=\"alignleft size-medium wp-image-479\" src=\"http:\/\/hannah-biedermann.de\/wp-content\/uploads\/P1010090-300x225.jpg\" alt=\"\" width=\"300\" height=\"225\" srcset=\"https:\/\/hannah-biedermann.de\/wp-content\/uploads\/P1010090-300x225.jpg 300w, https:\/\/hannah-biedermann.de\/wp-content\/uploads\/P1010090-1024x768.jpg 1024w\" sizes=\"auto, (max-width: 300px) 100vw, 300px\" \/><\/p>\n<p>&nbsp;<\/p>\n<p>Telefonbuch, Einkaufszettel, Wahlergebnisse, Zeitungsartikel,&#8230;Im zeitgen\u00f6ssischen Theater ist l\u00e4ngst nicht mehr der dramatische Text a la Schiller oder Shakespeare Ma\u00df aller Dinge. Es kann alles zum Theatertext werden, selten muss es \u00fcberhaupt dialogisch sein. Und nicht zuletzt wird der Text nur noch zu einem Mittel unter vielen: Musik, Tanz, B\u00fchnenbild, Licht, werden zu gleichberechtigten Partnern, oder \u00fcbernehmen gleich den ganzen Theaterabend.<br \/>\nTrotzdem bleiben Text und Sprache wichtige Ausdrucksmittel des Theaters.<br \/>\nIn diesem Workshop wollen wir allt\u00e4gliche Texte zu Theatertexten werden lassen, und wollen sie im Zusammenspiel mit wenigen Materialen zum szenischen Ereignis werden lassen.<\/p>\n<p>&nbsp;<\/p>\n<p><img loading=\"lazy\" decoding=\"async\" class=\"alignleft size-medium wp-image-478\" src=\"http:\/\/hannah-biedermann.de\/wp-content\/uploads\/P1010240-300x225.jpg\" alt=\"\" width=\"300\" height=\"225\" srcset=\"https:\/\/hannah-biedermann.de\/wp-content\/uploads\/P1010240-300x225.jpg 300w, https:\/\/hannah-biedermann.de\/wp-content\/uploads\/P1010240-1024x768.jpg 1024w\" sizes=\"auto, (max-width: 300px) 100vw, 300px\" \/><\/p>\n<p>Der Workshop fand in der Reihe <a href=\"http:\/\/www.theaterhaus-jena.de\/Dauergaeste.153.0.html\" target=\"_blank\">&#8220;Dauerg\u00e4ste&#8221; des Theaterhaus Jena<\/a> statt.<\/p>\n<p>Zum Auftakt der Dauerg\u00e4ste-Kooperation finden zu Beginn jeder Spielzeit f\u00fcnf Tage lang Workshops statt. Alle Sch\u00fcler der beteiligten 10. Klassen kommen an einem dieser Tage zu einem f\u00fcnfst\u00fcndigen Workshop ihrer Wahl. Die acht verschiedenen Workshops, die t\u00e4glich ang<\/p>\n<p>eboten werden, bieten Einblicke in formale Elemente des zeitgen\u00f6ssischen Theaters und sind inhaltlich an das aktuelle Spielzeitthema des Theaterhaus Jena angebunden. Dadurch fungieren sie als eine indirekte Vorbereitung auf den sp\u00e4ter folgenden Theaterbesuch.<\/p>\n<p>&nbsp;<\/p>\n<p><img loading=\"lazy\" decoding=\"async\" class=\"alignleft size-medium wp-image-513\" src=\"http:\/\/hannah-biedermann.de\/wp-content\/uploads\/DSCN3737-300x225.jpg\" alt=\"\" width=\"300\" height=\"225\" srcset=\"https:\/\/hannah-biedermann.de\/wp-content\/uploads\/DSCN3737-300x225.jpg 300w, https:\/\/hannah-biedermann.de\/wp-content\/uploads\/DSCN3737-1024x768.jpg 1024w\" sizes=\"auto, (max-width: 300px) 100vw, 300px\" \/><\/p>\n","protected":false},"excerpt":{"rendered":"<p>&nbsp; &nbsp; Telefonbuch, Einkaufszettel, Wahlergebnisse, Zeitungsartikel,&#8230;Im zeitgen\u00f6ssischen Theater ist l\u00e4ngst nicht mehr der dramatische Text a la Schiller oder Shakespeare Ma\u00df aller Dinge. Es kann alles zum Theatertext werden, selten muss es \u00fcberhaupt dialogisch sein. Und nicht zuletzt wird der Text nur noch zu einem Mittel unter vielen: Musik, Tanz, B\u00fchnenbild, Licht, werden zu gleichberechtigten &hellip; <a href=\"https:\/\/hannah-biedermann.de\/?page_id=82\" class=\"more-link\">Continue reading <span class=\"screen-reader-text\">&#8220;Dauerg\u00e4ste&#8221; Workshop &#8211; &#8220;Vom Text zur Szene im zeitgen\u00f6ssischen Theater&#8221; (2010)<\/span><\/a><\/p>\n","protected":false},"author":3,"featured_media":0,"parent":3,"menu_order":0,"comment_status":"closed","ping_status":"closed","template":"template-twocolumnsleft.php","meta":{"footnotes":""},"class_list":["post-82","page","type-page","status-publish","hentry"],"_links":{"self":[{"href":"https:\/\/hannah-biedermann.de\/index.php?rest_route=\/wp\/v2\/pages\/82","targetHints":{"allow":["GET"]}}],"collection":[{"href":"https:\/\/hannah-biedermann.de\/index.php?rest_route=\/wp\/v2\/pages"}],"about":[{"href":"https:\/\/hannah-biedermann.de\/index.php?rest_route=\/wp\/v2\/types\/page"}],"author":[{"embeddable":true,"href":"https:\/\/hannah-biedermann.de\/index.php?rest_route=\/wp\/v2\/users\/3"}],"replies":[{"embeddable":true,"href":"https:\/\/hannah-biedermann.de\/index.php?rest_route=%2Fwp%2Fv2%2Fcomments&post=82"}],"version-history":[{"count":7,"href":"https:\/\/hannah-biedermann.de\/index.php?rest_route=\/wp\/v2\/pages\/82\/revisions"}],"predecessor-version":[{"id":563,"href":"https:\/\/hannah-biedermann.de\/index.php?rest_route=\/wp\/v2\/pages\/82\/revisions\/563"}],"up":[{"embeddable":true,"href":"https:\/\/hannah-biedermann.de\/index.php?rest_route=\/wp\/v2\/pages\/3"}],"wp:attachment":[{"href":"https:\/\/hannah-biedermann.de\/index.php?rest_route=%2Fwp%2Fv2%2Fmedia&parent=82"}],"curies":[{"name":"wp","href":"https:\/\/api.w.org\/{rel}","templated":true}]}}