{"id":878,"date":"2012-12-05T23:06:27","date_gmt":"2012-12-05T21:06:27","guid":{"rendered":"http:\/\/hannah-biedermann.de\/?page_id=878"},"modified":"2012-12-05T23:06:27","modified_gmt":"2012-12-05T21:06:27","slug":"jetzt-stell-dich-nicht-so-an","status":"publish","type":"page","link":"https:\/\/hannah-biedermann.de\/?page_id=878","title":{"rendered":"&#8220;Jetzt stell dich nicht so an&#8221;"},"content":{"rendered":"<p><strong>Das Junge Staatstheater Karlsruhe zeigt ein halbdokumentarisches St\u00fcck \u00fcber Selbstbilder von Jugendlichen<\/strong><\/p>\n<p>&#8220;In der Schule haben die Jungs uns M\u00e4dchen in Punkte verwandelt&#8221;, erz\u00e4hlt sie: &#8220;zehn Punkte gleich perfekt. Null Punkte gleich richtig h\u00e4sslich. Ich hatte vier. Wegen der Pickel. Sonst w\u00e4ren es bestimmt mindestens sieben geworden, ein guter Mittelwert, unter f\u00fcnf war schon hart.&#8221; Und dann wird sie nat\u00fcrlich auch noch geh\u00e4nselt, sogar von ihrer kleinen Schwester. &#8220;Pickelgesicht&#8221;, nennt sie sie. Ist selbst blond, schmal, mit einem &#8220;niedlichen Gesicht: Da stehen die Jungs drauf.&#8221; Und fragen noch: &#8220;Die ist deine Schwester? Aber du bist doch viel sch\u00f6ner.&#8221; Und zum Geburtstag hat sie ihrer gro\u00dfen Schwester &#8220;Clearasil&#8221; geschenkt. Der Geburtstag war nat\u00fcrlich gelaufen..<br \/>\nEs ist nicht einfach, ein Jugendlicher zu sein. Nichts passt mehr, st\u00e4ndig gibt es Druck. Dann findet man sich zu h\u00e4sslich, hat Pickel, komische Zehen, der Busen ist zu klein oder zu gro\u00df oder gar nicht vorhanden. Man hat noch nie gek\u00fcsst, man wei\u00df nicht, wie man sich schminken muss und steht dann &#8220;ratlos im Drogeriemarkt&#8221;. Und kauft sich dann zielsicher das Falsche: &#8220;hab einen knallroten Lippenstift gekauft und blauen Lidschatten, und Make-up, das garnicht zu meinem Hauttyp passt und zu Hause hab ich mich im Badezimmer eingesperrt, es sah schrecklich aus.&#8221; Und dann die Rollenerwartungen. Jungs m\u00fcssen cool sein, M\u00e4dchen h\u00fcbsch, nett und lieb. Und die Kleidung: M\u00e4dchen ziehen R\u00f6cke an. Oder sie trauen sich nicht, wegen ihrer schiefen Beine. Oder sie verstecken sich unter Sackpullovern. Und dann verlieben sie sich in Jungs. Oder M\u00e4dchen. Und umgekehrt. Und die Eltern! Zerren an einem herum: &#8220;Jetzt stell dich nicht so an. Das ist nicht weiter schlimm. Jeder sieht mal so aus. Das ist ganz normal. Du siehst aus wie eine ganz normale junge Frau. Es kommt doch auf deine Ausstrahlung an. Schau mal ein bisschen freundlicher.&#8221;<br \/>\nSolche Spr\u00fcche kennt fast jeder. In einer Inszenierung eines &#8220;Recherchest\u00fccks&#8221; mit dem Titel &#8220;Neben mir&#8221; im Jungen Staatstheater waren auch sie zu h\u00f6ren. Um den K\u00f6rper und die Selbstbilder ging es in diesem St\u00fcck f\u00fcr Jugendliche ab 13 Jahren, und vieles gelang bemerkenswert, schnell schlug der Spa\u00df an den Spr\u00fcchen der Eltern in Ernst um, immer wieder wurde man dazu gebracht, \u00fcber sich selbst nachzudenken. Vor allem durch die Einspielungen von zuf\u00e4lligen Befragungen Jugendlicher in Karlsruhe, die mehr oder weniger bereitwillig Auskunft \u00fcber sich gaben, gewann das St\u00fcck oft einen halbdokumentarischen Charakter. Auch der Trick der Regiesseurin Hannah Biedermann, M\u00e4nner die M\u00e4dchenrollen spielen, sich schminken und R\u00f6cke anziehen zu lassen, stie\u00df weiteres Nachdenken an. Warum d\u00fcrfen M\u00e4nner sich nicht schminken? Und wenn sie Spa\u00df an sch\u00f6nen Sachen haben: Sind sie dann gleich schwul? Coolness und der Wunsch, dazuzugeh\u00f6ren, die eigene Pers\u00f6nlichkeit und der Gruppenzwang &#8211; hier tut sich viel Konfliktstoff auf.<br \/>\nInszeniert als eine meist recht gelungene Mischung aus Spa\u00df und Ernst, witzigen und nachdenklichen Szenen hatte die Inszenierung aber manchmal auch zu sehr Nachhilfeunterrichtcharakter. Zudem wurde eines der wichtigsten Themen, Essst\u00f6rung und Magersucht, nicht viel mehr als angetippt. Wie \u00fcberhaupt zu viel nur eben angesprochen wurde und nichts richtig vertieft. Schnell sprang man weiter zum n\u00e4chsten Punkt, als h\u00e4tte man einen &#8220;Problemplan&#8221;, den man abarbeiten m\u00fcsste. Hier w\u00e4re weniger durchaus mehr gewesen.<\/p>\n<p><strong>Georg Patzer, Badisches Tagblatt, 4.12.12<\/strong><\/p>\n","protected":false},"excerpt":{"rendered":"<p>Das Junge Staatstheater Karlsruhe zeigt ein halbdokumentarisches St\u00fcck \u00fcber Selbstbilder von Jugendlichen &#8220;In der Schule haben die Jungs uns M\u00e4dchen in Punkte verwandelt&#8221;, erz\u00e4hlt sie: &#8220;zehn Punkte gleich perfekt. Null Punkte gleich richtig h\u00e4sslich. Ich hatte vier. Wegen der Pickel. Sonst w\u00e4ren es bestimmt mindestens sieben geworden, ein guter Mittelwert, unter f\u00fcnf war schon hart.&#8221; &hellip; <a href=\"https:\/\/hannah-biedermann.de\/?page_id=878\" class=\"more-link\">Continue reading <span class=\"screen-reader-text\">&#8220;Jetzt stell dich nicht so an&#8221;<\/span><\/a><\/p>\n","protected":false},"author":3,"featured_media":0,"parent":827,"menu_order":0,"comment_status":"closed","ping_status":"closed","template":"template-twocolumnsleft.php","meta":{"footnotes":""},"class_list":["post-878","page","type-page","status-publish","hentry"],"_links":{"self":[{"href":"https:\/\/hannah-biedermann.de\/index.php?rest_route=\/wp\/v2\/pages\/878","targetHints":{"allow":["GET"]}}],"collection":[{"href":"https:\/\/hannah-biedermann.de\/index.php?rest_route=\/wp\/v2\/pages"}],"about":[{"href":"https:\/\/hannah-biedermann.de\/index.php?rest_route=\/wp\/v2\/types\/page"}],"author":[{"embeddable":true,"href":"https:\/\/hannah-biedermann.de\/index.php?rest_route=\/wp\/v2\/users\/3"}],"replies":[{"embeddable":true,"href":"https:\/\/hannah-biedermann.de\/index.php?rest_route=%2Fwp%2Fv2%2Fcomments&post=878"}],"version-history":[{"count":2,"href":"https:\/\/hannah-biedermann.de\/index.php?rest_route=\/wp\/v2\/pages\/878\/revisions"}],"predecessor-version":[{"id":880,"href":"https:\/\/hannah-biedermann.de\/index.php?rest_route=\/wp\/v2\/pages\/878\/revisions\/880"}],"up":[{"embeddable":true,"href":"https:\/\/hannah-biedermann.de\/index.php?rest_route=\/wp\/v2\/pages\/827"}],"wp:attachment":[{"href":"https:\/\/hannah-biedermann.de\/index.php?rest_route=%2Fwp%2Fv2%2Fmedia&parent=878"}],"curies":[{"name":"wp","href":"https:\/\/api.w.org\/{rel}","templated":true}]}}